 Give y(o).
5
Let k(j) = 204 - 4*j**2 - 172 - 7*j + j**3 + 0*j. Give k(3).
2
Let i be (10 - -5) + -8 + -3. Let w(x) = 11*x - 46. What is w(i)?
-2
Let i(g) = -5*g + 25. Let b(x) = 2*x - 8. Let c(r) = 8*b(r) + 3*i(r). Suppose 0 = 3*j + 72 - 75. Suppose -4*z = -5*f - j, -z - 7*f + 4 = -9*f. Determine c(z).
5
Suppose -2*h - 14*v = -15*v - 3, 2*h - 4*v = 0. Let u(r) = 11*r - 31. Give u(h).
-9
Let a(z) be the second derivative of z**4/6 + 11*z**3/2 + 11*z**2/2 - 1162*z. Give a(-16).
-5
Let o(t) = t - 1. Let b be o(-6). Let l = b + 13. Let j(x) = 6*x + x**3 + 3*x - 6*x**2 - 7*x - 3. Calculate j(l).
9
Let t(b) = -15*b - 221 - b + b**2 + 11*b + 244 - 4*b. What is t(12)?
59
Let x(v) = v + 35. Suppose -33*z + 37*z = 12 - 44. Give x(z).
27
Let u(z) be the third derivative of -2/3*z**3 + 0*z + 1/20*z**5 - 209*z**2 - 1/12*z**4 + 1/120*z**6 + 0. Calculate u(-3).
2
Let d(g) = g + 51 - 7*g - 56 + 3*g. Calculate d(7).
-26
Let i(b) = -b**3 - 8*b**2 - 8*b - 10. Suppose -3 = -3*c, -4*z + 7*c - 3*c - 288 = 0. Let s = -78 - z. Calculate i(s).
-3
Let c(t) = -5*t**2 - 55*t. Let y be c(-11). Let a(o) = -8*o + 960 - o**2 - 954 + y*o**2 + o. Determine a(-6).
12
Let i(x) = 6*x. Let o(y) = -y**2. Let w be o(0). Suppose w*a = 11*a - 451. Let n = a + -43. Calculate i(n).
-12
Let k(r) = 3*r**2 + 955790*r**3 + 4*r**2 - 955791*r**3 + 1. Let p(s) be the third derivative of s**5/30 - s**3/6 + s**2. Let q be p(-2). Give k(q).
1
Suppose c - 6*c = 20. Let u(g) = 2*g**2 + g**3 - 2*g + 6*g + 1554 + 3*g**2 - 2*g - 1557. Determine u(c).
5
Let t(k) = 3*k**2 + 7*k - 9. Let b(a) = -5*a**2 - 13*a + 15. Let q(n) = 4*b(n) + 7*t(n). Suppose 23*i = 28*i + 10. What is q(i)?
7
Let t(x) = 17*x - 8. Let y(v) = -15*v + 4. Let a(q) = 8*t(q) + 9*y(q). Determine a(13).
-15
Let i(z) be the second derivative of -z**5/20 + 11*z**4/6 - z**3/2 + 7*z**2 - z + 1053. Determine i(22).
-52
Let r(v) be the third derivative of -v**5/60 + 11*v**4/24 - 13*v**3/3 + 7*v**2 - 15*v. Determine r(7).
2
Let c(d) be the third derivative of d**4/24 + d**3/6 + 474*d**2. Let t = -5 + 6. Calculate c(t).
2
Let s(c) be the third derivative of -c**5/30 + 13*c**4/24 + 3*c**3 - 13*c**2 + 39. Determine s(7).
11
Let v = -9257 - -9257. Let k(q) = q**3 - 3*q**2 - 6*q + 7. What is k(v)?
7
Let b(y) = -y**2 + 30*y - 75. Let z be b(27). Let p = 2 - z. Let x(q) be the third derivative of q**5/30 + q**4/6 + q**3 + 22*q**2. Give x(p).
22
Let u(t) = -t**3 - 8*t**2 - 13*t - 31. Suppose 108*p = 32*p + 41*p - 245. Determine u(p).
11
Let j(y) = y**3 + 13*y**2 - 9*y + 6. Suppose -2 = 25*l + 348. What is j(l)?
-64
Suppose -a - 7 = -w, w + a + 5 = 5*a. Let x(d) = -d - 8 - w + 22. Suppose 2*n + 4*f + 25 = -n, -15 = n + 3*f. Determine x(n).
6
Let s(y) be the third derivative of y**4/6 + 11*y**3/6 + 65*y**2. Let z = 3426 + -3429. Give s(z).
-1
Let f(c) be the third derivative of -c**6/120 + 7*c**5/60 - c**4/12 - 8*c**3/3 + 18*c**2. Let r be f(7). Let n = -28 - r. Let j(t) = 4*t - 1. Calculate j(n).
7
Let x be 3 - (-4)/((-40)/(-30)). Let h(y) = 3*y**3 - 20*y**2 + 21*y - 62. Let m be h(x). Let t(u) = -u**3 - 7*u**2 + 9*u + 4. Calculate t(m).
-4
Suppose 5*q - 8 - 62 = 0. Let p be 0/(-10) - q/(-1). Let r(u) = u**2 - 12*u - 31. Let o be r(p). Let i(z) = z**3 + 5*z**2 + 2*z - 2. Give i(o).
10
Let s = -1 + 1. Let j(u) = u + 848419 - 1696851 + 848458. Calculate j(s).
26
Let l(x) be the first derivative of 35*x**2/2 + 2*x - 612. Give l(-1).
-33
Let t be 2/8 - (-82)/(-8). Let d(y) = 6*y**3 + 66*y**2 + 67*y + 18. Let l(a) = 7*a**3 + 77*a**2 + 78*a + 21. Let h(f) = 22*d(f) - 19*l(f). Give h(t).
-23
Let n(u) = 3*u - 3*u**2 - 1 + 3 + 4*u**2 - 4*u. Let r be 12/(-27) + 16/36. What is n(r)?
2
Let y(z) = 17*z - 31*z + 12*z - 5. Let h be y(0). Let m(l) = l**2 + 8*l + 8. Determine m(h).
-7
Suppose 2*p + 91 = 103. Let d(w) = -4*w - 12. Let o(n) = n - 1. Let f(b) = p*o(b) + d(b). Determine f(8).
-2
Let a(w) = -8*w**3 + 11*w**2 - 9*w - 1. Let m(z) = -7*z**3 + 11*z**2 - 9*z - 2. Let d(g) = 6*a(g) - 7*m(g). Suppose 14*u = 2 + 138. Calculate d(u).
-2
Suppose 4*v = 2*j + 46 - 232, -3*j + 5*v + 278 = 0. Let c = 91 - j. Let i(n) = n - 5. What is i(c)?
-5
Let c(x) = -7*x**2 + x. Let b(j) = 6*j**2 + 1. Let q(h) = -3*b(h) - 2*c(h). Let a(w) = -9*w**2 - 6*w - 6. Let m(v) = 3*a(v) - 7*q(v). Determine m(6).
15
Let m(a) = a**2 + 14*a - 1. Let d be (6/(-9) + 2)/((840/(-225))/28). Determine m(d).
-41
Let r(x) be the third derivative of -x**4/24 - 13*x**3/6 + 2395*x**2. Give r(17).
-30
Let a be (-3)/((-1)/3*1). Suppose -4*i + 3 = -a. Let w(k) = 4*k**2 - 66641 - k**3 - 2*k + 66640 + 0*k. What is w(i)?
2
Let v(l) be the first derivative of -l**6/180 + 3*l**5/40 - l**3/3 + 10*l + 122. Let u(r) be the third derivative of v(r). Give u(7).
-35
Suppose -4*g = -5*a + 34 + 42, a + 3*g = 0. Let c be (2 + a/(-5))*80/(-16). Let h(o) = 2*o. Give h(c).
4
Suppose 22*a - 4232 - 3688 = 0. Let s = -353 + a. Let z(p) = p**2 - 6*p + 4. Determine z(s).
11
Let l be (-468)/39*1/(-4). Let m be 2 + 0 + (-1 - -1). Let z(h) = m*h - 4 - 3*h - 9 - l. Determine z(-11).
-5
Let s(q) = -q**2 - 3*q - 1. Suppose -15*v = -53*v - 114. Calculate s(v).
-1
Suppose 4*v = -5 - 23. Let w(i) = -5*i - i + 3*i - 559*i**2 - 4*i - i**3 + 551*i**2 + 4. Let t be w(v). Let k(o) = o**3 - 4*o**2 + 5. Calculate k(t).
5
Let d(u) = 27*u + 12*u - 100*u + 30*u + 36 + 23*u. Calculate d(4).
4
Let i(c) = -c**2 - 10*c + 1. Let m be i(-10). Let t(l) = 13*l**2 - 16*l - 10. Let f(g) = -2*g**2 + g + 1. Let p(u) = m*t(u) + 6*f(u). Determine p(10).
-4
Let a = -13 - -7. Let g = 265 + -252. Let p(k) = -11*k - 10 + g*k - 3*k. Determine p(a).
-4
Let r(s) = -s**2 + 17*s - 12. Let h be r(16). Let y be h + 6/(-3) + 0. Suppose 2*w + y = w. Let f(n) = -n**3 - n**2 + n + 2. Calculate f(w).
4
Let j(l) be the first derivative of l**4/24 + l**3 + 11*l**2/2 - 12. Let p(c) be the second derivative of j(c). Suppose 5*d = 7*d + 8. Determine p(d).
2
Let j(n) be the third derivative of n**6/60 + n**5/15 + n**4/8 - n**3/2 - 16792*n**2. Let s be ((-3)/(-2))/((-1)/2). Determine j(s).
-30
Let l = -99 - -92. Let u = 6 + l. Let o(q) = 9*q - 1. Give o(u).
-10
Let g be 0/68*2/10. Let m(w) = -2*w**3 + w**2 + w + 1. Determine m(g).
1
Let g(i) = -77*i + 140*i + i**2 - 83*i - 75. Let s be g(23). Let r(a) = 3*a - a - 3*a - 9. Determine r(s).
-3
Let s(t) = 9*t - 32. Let b(p) = 5*p - 18. Let i(u) = -7*b(u) + 4*s(u). Give i(12).
10
Let c = 69 - 37. Suppose 4*a = 8, 5*b + 9 = 3*a - c. Let n(u) be the second derivative of -u**5/20 - 2*u**4/3 - 5*u**3/6 + 3*u**2 + u. Determine n(b).
-8
Let c(b) be the third derivative of b**6/120 + b**5/10 - b**4/24 - 3*b**3/2 - 245*b**2. Let i = 35 + -41. Give c(i).
-3
Let n(y) = -6*y - y**2 + 0*y + 5 - 2*y**2 + 5*y**3 - 4*y**3. Suppose 619*m - 296 = 545*m. Give n(m).
-3
Let i(g) = -43*g + 2. Suppose 3 = 26*y - 23. Determine i(y).
-41
Let j(b) = 3*b**2 + b + 18. Let k(r) be the third derivative of r**5/30 + r**3/6 + 2*r**2 - 26*r. Let g(a) = -j(a) + k(a). What is g(0)?
-17
Let h(o) be the third derivative of -o**6/120 + 7*o**5/30 - 25*o**4/24 - 7*o**3/6 - 4*o**2 - 85. What is h(12)?
-19
Suppose 487*d + 4491 = -162*d + 597. Let l(p) = -10 + 0*p + 0 - p. Calculate l(d).
-4
Let d(r) = 6418*r**2 + 6433*r**2 + 2*r**3 - 12865*r**2 + 2. Give d(7).
2
Let w(n) be the first derivative of n**4/4 + 4*n**3/3 - 3*n**2/2 - 2*n - 303. Let f be 2/(-4) + (-3)/2. Let h = -5 - f. What is w(h)?
16
Let x(m) = -6*m**2 - 2*m - 5. Let t be x(3). Let r = t + 68. Let y(l) = -232*l - 2 + 233*l - r. What is y(6)?
1
Let t be (39 + -41)/((-26)/(-5) - 5). Let a(z) = 13*z - 5*z - 7 - 7*z. Calculate a(t).
-17
Let p = -19083 + 19088. Let q(a) = 7*a**3 - 12*a**2 + 7*a - 1. Let r(u) = -6*u**3 + 11*u**2 - 6*u. Let t(v) = -5*q(v) - 6*r(v). Calculate t(p).
-15
Let z(x) = -x**3 + 10*x**2 + 12*x - 13. Suppose -5*p - 1210 = 5*m, -448 - 525 = 4*p + 3*m. Let f = 258 + p. Give z(f).
-2
Let j(p) = -46 + 309*p + 3*p**2 - 160*p - p**2 - 164*p + 37. Calculate j(10).
41
Let f(a) = -a**3 - 13*a**2 - 27*a + 32. Let q be f(-10). Let w be ((-5)/q)/((-39)/78). Let k(s) = s - 2. Determine k(w).
3
Let h(b) = 2 + 3 + 4*b - 4. Suppose 61*k - 11 + 133 = 0. Determine h(k).
-7
Let g(d) be the second derivative of -29*d**6/120 + d**5/30 - d**4/24 - 231*d**2/2 + 87*d. Let t(b) be the first derivative of g(b). What is t(1